{"id":5423,"date":"2023-11-06T15:21:20","date_gmt":"2023-11-06T13:21:20","guid":{"rendered":"https:\/\/kuivasjarvenaura.fi\/?page_id=5423"},"modified":"2025-01-24T21:22:30","modified_gmt":"2025-01-24T19:22:30","slug":"auran-yleisurheilijoiden-tukisaatio","status":"publish","type":"page","link":"https:\/\/kuivasjarvenaura.fi\/index.php\/auran-yleisurheilijoiden-tukisaatio\/","title":{"rendered":"Auran yleisurheilijoiden tukis\u00e4\u00e4ti\u00f6"},"content":{"rendered":"\n<p>Olemme perustaneet tukis\u00e4\u00e4ti\u00f6n Kuivasj\u00e4rven Auran yleisurheilijoille. T\u00e4m\u00e4n tukis\u00e4\u00e4ti\u00f6n ideana on mahdollistaa lapselle\/nuorelle harrastus\/kilpailumatkat. Haluamme olla tuomassa jokaiselle mahdollisuuden harrastaa Aurassa yleisurheilua.<\/p>\n\n\n\n<p>Tukis\u00e4\u00e4ti\u00f6n kautta maksamme kilpailumatkojen kyydityksi\u00e4 sek\u00e4 avustamme v\u00e4h\u00e4varaisemmista perheist\u00e4 tulevia lapsia mukaan kilpailumatkoille\/harrastamaan yleisurheilua.<\/p>\n\n\n\n<figure class=\"wp-block-image size-large is-resized\"><img loading=\"lazy\" decoding=\"async\" src=\"https:\/\/kuivasjarvenaura.fi\/wp-content\/uploads\/2024\/11\/4f302019-69d7-4d0a-a5ab-d378c09991de-768x1024.jpeg\" alt=\"\" class=\"wp-image-6417\" width=\"345\" height=\"460\" srcset=\"https:\/\/kuivasjarvenaura.fi\/wp-content\/uploads\/2024\/11\/4f302019-69d7-4d0a-a5ab-d378c09991de-768x1024.jpeg 768w, https:\/\/kuivasjarvenaura.fi\/wp-content\/uploads\/2024\/11\/4f302019-69d7-4d0a-a5ab-d378c09991de-225x300.jpeg 225w, https:\/\/kuivasjarvenaura.fi\/wp-content\/uploads\/2024\/11\/4f302019-69d7-4d0a-a5ab-d378c09991de-1152x1536.jpeg 1152w, https:\/\/kuivasjarvenaura.fi\/wp-content\/uploads\/2024\/11\/4f302019-69d7-4d0a-a5ab-d378c09991de-74x98.jpeg 74w, https:\/\/kuivasjarvenaura.fi\/wp-content\/uploads\/2024\/11\/4f302019-69d7-4d0a-a5ab-d378c09991de.jpeg 1200w\" sizes=\"auto, (max-width: 345px) 100vw, 345px\" \/><\/figure>\n","protected":false},"excerpt":{"rendered":"<p>Olemme perustaneet tukis\u00e4\u00e4ti\u00f6n Kuivasj\u00e4rven Auran yleisurheilijoille. T\u00e4m\u00e4n tukis\u00e4\u00e4ti\u00f6n ideana on mahdollistaa lapselle\/nuorelle harrastus\/kilpailumatkat. Haluamme olla tuomassa jokaiselle mahdollisuuden harrastaa Aurassa yleisurheilua. Tukis\u00e4\u00e4ti\u00f6n kautta maksamme kilpailumatkojen kyydityksi\u00e4 sek\u00e4 avustamme v\u00e4h\u00e4varaisemmista perheist\u00e4 tulevia lapsia mukaan kilpailumatkoille\/harrastamaan yleisurheilua.<\/p>\n","protected":false},"author":3,"featured_media":0,"parent":0,"menu_order":0,"comment_status":"closed","ping_status":"closed","template":"","meta":{"footnotes":""},"class_list":["post-5423","page","type-page","status-publish","hentry"],"_links":{"self":[{"href":"https:\/\/kuivasjarvenaura.fi\/index.php\/wp-json\/wp\/v2\/pages\/5423","targetHints":{"allow":["GET"]}}],"collection":[{"href":"https:\/\/kuivasjarvenaura.fi\/index.php\/wp-json\/wp\/v2\/pages"}],"about":[{"href":"https:\/\/kuivasjarvenaura.fi\/index.php\/wp-json\/wp\/v2\/types\/page"}],"author":[{"embeddable":true,"href":"https:\/\/kuivasjarvenaura.fi\/index.php\/wp-json\/wp\/v2\/users\/3"}],"replies":[{"embeddable":true,"href":"https:\/\/kuivasjarvenaura.fi\/index.php\/wp-json\/wp\/v2\/comments?post=5423"}],"version-history":[{"count":6,"href":"https:\/\/kuivasjarvenaura.fi\/index.php\/wp-json\/wp\/v2\/pages\/5423\/revisions"}],"predecessor-version":[{"id":6560,"href":"https:\/\/kuivasjarvenaura.fi\/index.php\/wp-json\/wp\/v2\/pages\/5423\/revisions\/6560"}],"wp:attachment":[{"href":"https:\/\/kuivasjarvenaura.fi\/index.php\/wp-json\/wp\/v2\/media?parent=5423"}],"curies":[{"name":"wp","href":"https:\/\/api.w.org\/{rel}","templated":true}]}}