{"id":5321,"date":"2023-10-03T14:31:45","date_gmt":"2023-10-03T11:31:45","guid":{"rendered":"https:\/\/kuivasjarvenaura.fi\/?page_id=5321"},"modified":"2024-11-11T14:57:14","modified_gmt":"2024-11-11T12:57:14","slug":"yritystunnit","status":"publish","type":"page","link":"https:\/\/kuivasjarvenaura.fi\/index.php\/yritystunnit\/","title":{"rendered":"YRITYSTUNNIT"},"content":{"rendered":"\n<p>Haluaisitteko ty\u00f6porukalle juoksukoulun\/yleisurheilukoulun, tai milt\u00e4 kuulostaisi leikkimielinen 5-ottelu ty\u00f6porukan kesken?<\/p>\n\n\n\n<p>Ota yhteytt\u00e4 asian tiimoilta kuivau49@gmail.com ja r\u00e4\u00e4t\u00e4l\u00f6id\u00e4\u00e4n teille sopiva paketti kasaan.<\/p>\n\n\n\n<figure class=\"wp-block-image size-large is-resized\"><img loading=\"lazy\" decoding=\"async\" src=\"https:\/\/kuivasjarvenaura.fi\/wp-content\/uploads\/2024\/11\/IMG_3968-1024x683.jpeg\" alt=\"\" class=\"wp-image-6420\" width=\"325\" height=\"217\" srcset=\"https:\/\/kuivasjarvenaura.fi\/wp-content\/uploads\/2024\/11\/IMG_3968-1024x683.jpeg 1024w, https:\/\/kuivasjarvenaura.fi\/wp-content\/uploads\/2024\/11\/IMG_3968-300x200.jpeg 300w, https:\/\/kuivasjarvenaura.fi\/wp-content\/uploads\/2024\/11\/IMG_3968-768x512.jpeg 768w, https:\/\/kuivasjarvenaura.fi\/wp-content\/uploads\/2024\/11\/IMG_3968-1536x1024.jpeg 1536w, https:\/\/kuivasjarvenaura.fi\/wp-content\/uploads\/2024\/11\/IMG_3968-2048x1366.jpeg 2048w, https:\/\/kuivasjarvenaura.fi\/wp-content\/uploads\/2024\/11\/IMG_3968-360x240.jpeg 360w, https:\/\/kuivasjarvenaura.fi\/wp-content\/uploads\/2024\/11\/IMG_3968-98x65.jpeg 98w\" sizes=\"auto, (max-width: 325px) 100vw, 325px\" \/><\/figure>\n","protected":false},"excerpt":{"rendered":"<p>Haluaisitteko ty\u00f6porukalle juoksukoulun\/yleisurheilukoulun, tai milt\u00e4 kuulostaisi leikkimielinen 5-ottelu ty\u00f6porukan kesken? Ota yhteytt\u00e4 asian tiimoilta kuivau49@gmail.com ja r\u00e4\u00e4t\u00e4l\u00f6id\u00e4\u00e4n teille sopiva paketti kasaan.<\/p>\n","protected":false},"author":3,"featured_media":0,"parent":0,"menu_order":0,"comment_status":"closed","ping_status":"closed","template":"","meta":{"footnotes":""},"class_list":["post-5321","page","type-page","status-publish","hentry"],"_links":{"self":[{"href":"https:\/\/kuivasjarvenaura.fi\/index.php\/wp-json\/wp\/v2\/pages\/5321","targetHints":{"allow":["GET"]}}],"collection":[{"href":"https:\/\/kuivasjarvenaura.fi\/index.php\/wp-json\/wp\/v2\/pages"}],"about":[{"href":"https:\/\/kuivasjarvenaura.fi\/index.php\/wp-json\/wp\/v2\/types\/page"}],"author":[{"embeddable":true,"href":"https:\/\/kuivasjarvenaura.fi\/index.php\/wp-json\/wp\/v2\/users\/3"}],"replies":[{"embeddable":true,"href":"https:\/\/kuivasjarvenaura.fi\/index.php\/wp-json\/wp\/v2\/comments?post=5321"}],"version-history":[{"count":4,"href":"https:\/\/kuivasjarvenaura.fi\/index.php\/wp-json\/wp\/v2\/pages\/5321\/revisions"}],"predecessor-version":[{"id":6421,"href":"https:\/\/kuivasjarvenaura.fi\/index.php\/wp-json\/wp\/v2\/pages\/5321\/revisions\/6421"}],"wp:attachment":[{"href":"https:\/\/kuivasjarvenaura.fi\/index.php\/wp-json\/wp\/v2\/media?parent=5321"}],"curies":[{"name":"wp","href":"https:\/\/api.w.org\/{rel}","templated":true}]}}