{"id":5063,"date":"2023-07-27T17:01:34","date_gmt":"2023-07-27T14:01:34","guid":{"rendered":"https:\/\/kuivasjarvenaura.fi\/?page_id=5063"},"modified":"2024-11-18T13:52:34","modified_gmt":"2024-11-18T11:52:34","slug":"sonjan-annan-kilparyhma","status":"publish","type":"page","link":"https:\/\/kuivasjarvenaura.fi\/index.php\/sonjan-annan-kilparyhma\/","title":{"rendered":"Kilpurit"},"content":{"rendered":"\n<p>2013-2012-syntyneiden kilparyhm\u00e4 harjoittelee maanantaisin, tiistaisin ja torstaisin klo 18-19:30. Voit harjoitella jokaisena p\u00e4iv\u00e4n\u00e4, tai toisen lajin ohessa sinulle sopivina. Ryhm\u00e4n ohjaajina Anna Kokko, Elina M\u00e4nnikk\u00f6, Sonja St\u00e5ng &amp; Janne Kovaniemi. Mahdollisuus k\u00e4yd\u00e4 lajiryhmien harjoituksissa (seiv\u00e4s\/heitto\/kest\u00e4vyys). Ryhm\u00e4ss\u00e4 harjoitellaan ottelupohjaisesti, luoden pohjaa urheilemiselle. <\/p>\n\n\n\n<figure class=\"wp-block-image size-large is-resized\"><img loading=\"lazy\" decoding=\"async\" src=\"https:\/\/kuivasjarvenaura.fi\/wp-content\/uploads\/2024\/11\/IMG_3981-1024x683.jpeg\" alt=\"\" class=\"wp-image-6401\" width=\"671\" height=\"448\" srcset=\"https:\/\/kuivasjarvenaura.fi\/wp-content\/uploads\/2024\/11\/IMG_3981-1024x683.jpeg 1024w, https:\/\/kuivasjarvenaura.fi\/wp-content\/uploads\/2024\/11\/IMG_3981-300x200.jpeg 300w, https:\/\/kuivasjarvenaura.fi\/wp-content\/uploads\/2024\/11\/IMG_3981-768x512.jpeg 768w, https:\/\/kuivasjarvenaura.fi\/wp-content\/uploads\/2024\/11\/IMG_3981-1536x1024.jpeg 1536w, https:\/\/kuivasjarvenaura.fi\/wp-content\/uploads\/2024\/11\/IMG_3981-2048x1366.jpeg 2048w, https:\/\/kuivasjarvenaura.fi\/wp-content\/uploads\/2024\/11\/IMG_3981-360x240.jpeg 360w, https:\/\/kuivasjarvenaura.fi\/wp-content\/uploads\/2024\/11\/IMG_3981-98x65.jpeg 98w\" sizes=\"auto, (max-width: 671px) 100vw, 671px\" \/><\/figure>\n","protected":false},"excerpt":{"rendered":"<p>2013-2012-syntyneiden kilparyhm\u00e4 harjoittelee maanantaisin, tiistaisin ja torstaisin klo 18-19:30. Voit harjoitella jokaisena p\u00e4iv\u00e4n\u00e4, tai toisen lajin ohessa sinulle sopivina. Ryhm\u00e4n ohjaajina Anna Kokko, Elina M\u00e4nnikk\u00f6, Sonja St\u00e5ng &amp; Janne Kovaniemi. Mahdollisuus k\u00e4yd\u00e4 lajiryhmien harjoituksissa (seiv\u00e4s\/heitto\/kest\u00e4vyys). Ryhm\u00e4ss\u00e4 harjoitellaan ottelupohjaisesti, luoden pohjaa urheilemiselle.<\/p>\n","protected":false},"author":3,"featured_media":0,"parent":0,"menu_order":0,"comment_status":"closed","ping_status":"closed","template":"","meta":{"footnotes":""},"class_list":["post-5063","page","type-page","status-publish","hentry"],"_links":{"self":[{"href":"https:\/\/kuivasjarvenaura.fi\/index.php\/wp-json\/wp\/v2\/pages\/5063","targetHints":{"allow":["GET"]}}],"collection":[{"href":"https:\/\/kuivasjarvenaura.fi\/index.php\/wp-json\/wp\/v2\/pages"}],"about":[{"href":"https:\/\/kuivasjarvenaura.fi\/index.php\/wp-json\/wp\/v2\/types\/page"}],"author":[{"embeddable":true,"href":"https:\/\/kuivasjarvenaura.fi\/index.php\/wp-json\/wp\/v2\/users\/3"}],"replies":[{"embeddable":true,"href":"https:\/\/kuivasjarvenaura.fi\/index.php\/wp-json\/wp\/v2\/comments?post=5063"}],"version-history":[{"count":9,"href":"https:\/\/kuivasjarvenaura.fi\/index.php\/wp-json\/wp\/v2\/pages\/5063\/revisions"}],"predecessor-version":[{"id":6466,"href":"https:\/\/kuivasjarvenaura.fi\/index.php\/wp-json\/wp\/v2\/pages\/5063\/revisions\/6466"}],"wp:attachment":[{"href":"https:\/\/kuivasjarvenaura.fi\/index.php\/wp-json\/wp\/v2\/media?parent=5063"}],"curies":[{"name":"wp","href":"https:\/\/api.w.org\/{rel}","templated":true}]}}