{"id":4315,"date":"2022-11-01T19:46:23","date_gmt":"2022-11-01T17:46:23","guid":{"rendered":"https:\/\/kuivasjarvenaura.fi\/?page_id=4315"},"modified":"2026-01-27T14:42:54","modified_gmt":"2026-01-27T12:42:54","slug":"toimisto","status":"publish","type":"page","link":"https:\/\/kuivasjarvenaura.fi\/index.php\/toimisto\/","title":{"rendered":"Toimisto"},"content":{"rendered":"<p>Toimiston aukioloajat: Tammi- helmikuussa sovittaessa. Seuraty\u00f6ntekij\u00e4 paikkailee yht\u00e4 valmentajaa, ja on poikkeuksellisesti joka ilta Ouluhallilla.<\/p>\n<p>Seuravaatteita varten laita viesti\u00e4: 0413100662 \/ kuivau49@gmail.com<\/p>\n<p><strong>TOIMISTON OSOITE:<\/strong><\/p>\n<p>Osoite: Kallisenhaara 3 \/ Limingantulli<\/p>\n<p>Rakennuksen p\u00e4\u00e4tyovesta sis\u00e4\u00e4n,\u00a0 pimpota ovikelloa! Kuivasj\u00e4rven Auran logo oven vieress\u00e4.<\/p>\n<p>Rakennuksen keskioven ovikello<strong> EI <\/strong>ole meid\u00e4n, joten \u00e4l\u00e4 k\u00e4yt\u00e4 sit\u00e4, kiitos! \ud83d\ude42<\/p>\n<p>Toimistolla voi sovittaa ja ostaa seura-asuja sek\u00e4 piikkareita. Tulethan t\u00e4\u00e4lt\u00e4 hakemaan seuratuotteesi.<\/p>\n<p>Henriikan yhteystiedot: 0413100662 \/ kuivau49@gmail.com<\/p>\n","protected":false},"excerpt":{"rendered":"<p>Toimiston aukioloajat: Tammi- helmikuussa sovittaessa. Seuraty\u00f6ntekij\u00e4 paikkailee yht\u00e4 valmentajaa, ja on poikkeuksellisesti joka ilta Ouluhallilla. Seuravaatteita varten laita viesti\u00e4: 0413100662 \/ kuivau49@gmail.com TOIMISTON OSOITE: Osoite: Kallisenhaara 3 \/ Limingantulli Rakennuksen p\u00e4\u00e4tyovesta sis\u00e4\u00e4n,\u00a0 pimpota ovikelloa! Kuivasj\u00e4rven Auran logo oven vieress\u00e4. Rakennuksen keskioven ovikello EI ole meid\u00e4n, joten \u00e4l\u00e4 k\u00e4yt\u00e4 sit\u00e4, kiitos! \ud83d\ude42 Toimistolla voi sovittaa ja&#8230;<\/p>\n","protected":false},"author":4,"featured_media":0,"parent":0,"menu_order":0,"comment_status":"closed","ping_status":"closed","template":"","meta":{"footnotes":""},"class_list":["post-4315","page","type-page","status-publish","hentry"],"_links":{"self":[{"href":"https:\/\/kuivasjarvenaura.fi\/index.php\/wp-json\/wp\/v2\/pages\/4315","targetHints":{"allow":["GET"]}}],"collection":[{"href":"https:\/\/kuivasjarvenaura.fi\/index.php\/wp-json\/wp\/v2\/pages"}],"about":[{"href":"https:\/\/kuivasjarvenaura.fi\/index.php\/wp-json\/wp\/v2\/types\/page"}],"author":[{"embeddable":true,"href":"https:\/\/kuivasjarvenaura.fi\/index.php\/wp-json\/wp\/v2\/users\/4"}],"replies":[{"embeddable":true,"href":"https:\/\/kuivasjarvenaura.fi\/index.php\/wp-json\/wp\/v2\/comments?post=4315"}],"version-history":[{"count":49,"href":"https:\/\/kuivasjarvenaura.fi\/index.php\/wp-json\/wp\/v2\/pages\/4315\/revisions"}],"predecessor-version":[{"id":7062,"href":"https:\/\/kuivasjarvenaura.fi\/index.php\/wp-json\/wp\/v2\/pages\/4315\/revisions\/7062"}],"wp:attachment":[{"href":"https:\/\/kuivasjarvenaura.fi\/index.php\/wp-json\/wp\/v2\/media?parent=4315"}],"curies":[{"name":"wp","href":"https:\/\/api.w.org\/{rel}","templated":true}]}}