{"id":3004,"date":"2021-03-29T21:16:05","date_gmt":"2021-03-29T18:16:05","guid":{"rendered":"http:\/\/kuivasjarvenaura.fi\/?page_id=3004"},"modified":"2024-10-07T14:13:27","modified_gmt":"2024-10-07T11:13:27","slug":"yleisurheilukoulun-ohjaajat","status":"publish","type":"page","link":"https:\/\/kuivasjarvenaura.fi\/index.php\/yleisurheilukoulun-ohjaajat\/","title":{"rendered":"Yleisurheilukoulun ohjaajat"},"content":{"rendered":"<div class=\"wpb-content-wrapper\"><p>[vc_row][vc_column width=&#8221;1\/2&#8243;][vc_column_text]Alta l\u00f6yd\u00e4t yleisurheilukoulumme ohjaajat ja heid\u00e4n ohjaamansa ryhm\u00e4t.<\/p>\n<p><b>SYKSY\/TALVI 2024:<\/b><\/p>\n<p><strong>KLO 18-19\u00a0<\/strong><\/p>\n<p>2019 AADA + NEEA<\/p>\n<p>2018 EMMA + LOTTA<\/p>\n<p>2017 SIIRI + OLIVIA<\/p>\n<p>&nbsp;<\/p>\n<p><strong>Tiistai klo 18-19:30<\/strong><\/p>\n<p>2010-2011 JEMINA<\/p>\n<p>2012-2013 SAAGA + LOTTA<\/p>\n<p>2014-2015 PETRA + JESSI<\/p>\n<p>2014-2015 LAURA + NELLA<\/p>\n<p>&nbsp;<\/p>\n<p><strong>Keskiviikko<\/strong><\/p>\n<p><strong>Klo 18-19\u00a0<\/strong><\/p>\n<p>2019 RUUT + ELSA<\/p>\n<p>2017-2018 SAAGA + SIIRI + PEPPI<\/p>\n<p>2016 AADA + NEEA<\/p>\n<p>&nbsp;<\/p>\n<p><strong>Torstai klo 18-19:30<\/strong><\/p>\n<p>2010-2011 JEMINA<\/p>\n<p>2012-2013 EMMA + LAURA<\/p>\n<p>2014-2015 LOTTA T. + MILLA[\/vc_column_text][\/vc_column][vc_column width=&#8221;1\/2&#8243;][vc_single_image image=&#8221;2524&#8243; img_size=&#8221;large&#8221;][\/vc_column][\/vc_row]<\/p>\n<\/div>","protected":false},"excerpt":{"rendered":"<p>[vc_row][vc_column width=&#8221;1\/2&#8243;][vc_column_text]Alta l\u00f6yd\u00e4t yleisurheilukoulumme ohjaajat ja heid\u00e4n ohjaamansa ryhm\u00e4t. SYKSY\/TALVI 2024: KLO 18-19\u00a0 2019 AADA + NEEA 2018 EMMA + LOTTA 2017 SIIRI + OLIVIA &nbsp; Tiistai klo 18-19:30 2010-2011 JEMINA 2012-2013 SAAGA + LOTTA 2014-2015 PETRA + JESSI 2014-2015 LAURA + NELLA &nbsp; Keskiviikko Klo 18-19\u00a0 2019 RUUT + ELSA 2017-2018 SAAGA + SIIRI&#8230;<\/p>\n","protected":false},"author":3,"featured_media":0,"parent":0,"menu_order":0,"comment_status":"closed","ping_status":"closed","template":"","meta":{"footnotes":""},"class_list":["post-3004","page","type-page","status-publish","hentry"],"_links":{"self":[{"href":"https:\/\/kuivasjarvenaura.fi\/index.php\/wp-json\/wp\/v2\/pages\/3004","targetHints":{"allow":["GET"]}}],"collection":[{"href":"https:\/\/kuivasjarvenaura.fi\/index.php\/wp-json\/wp\/v2\/pages"}],"about":[{"href":"https:\/\/kuivasjarvenaura.fi\/index.php\/wp-json\/wp\/v2\/types\/page"}],"author":[{"embeddable":true,"href":"https:\/\/kuivasjarvenaura.fi\/index.php\/wp-json\/wp\/v2\/users\/3"}],"replies":[{"embeddable":true,"href":"https:\/\/kuivasjarvenaura.fi\/index.php\/wp-json\/wp\/v2\/comments?post=3004"}],"version-history":[{"count":18,"href":"https:\/\/kuivasjarvenaura.fi\/index.php\/wp-json\/wp\/v2\/pages\/3004\/revisions"}],"predecessor-version":[{"id":6377,"href":"https:\/\/kuivasjarvenaura.fi\/index.php\/wp-json\/wp\/v2\/pages\/3004\/revisions\/6377"}],"wp:attachment":[{"href":"https:\/\/kuivasjarvenaura.fi\/index.php\/wp-json\/wp\/v2\/media?parent=3004"}],"curies":[{"name":"wp","href":"https:\/\/api.w.org\/{rel}","templated":true}]}}