{"id":2995,"date":"2021-03-29T21:14:32","date_gmt":"2021-03-29T18:14:32","guid":{"rendered":"http:\/\/kuivasjarvenaura.fi\/?page_id=2995"},"modified":"2024-12-12T09:23:54","modified_gmt":"2024-12-12T07:23:54","slug":"anne-karvinen-poutanen","status":"publish","type":"page","link":"https:\/\/kuivasjarvenaura.fi\/index.php\/anne-karvinen-poutanen\/","title":{"rendered":"Anne Karvinen-Poutanen"},"content":{"rendered":"<div class=\"wpb-content-wrapper\"><p>[vc_row][vc_column width=&#8221;2\/3&#8243;][vc_column_text]Anne menehtyi joulukuussa 2024. Muistamme l\u00e4mm\u00f6ll\u00e4 pitk\u00e4aikaista valmentajamme ja toimintamme vet\u00e4j\u00e4\u00e4.<\/p>\n<p><b>Oma urheilutausta<\/b><\/p>\n<p>Olen syntynyt vuonna 1967. Aloitin yleisurheilun 9-vuotiaana. Nuorempana harrastin muutakin,\u00a0lajia kuin lajia.\u00a0Yleisurheilin aluksi ottelupohjalla, ja ottelin\u00a0viel\u00e4 16-vuotiaana\u00a0Pohjoismaiden otteluissa.<\/p>\n<p>P\u00e4\u00e4lajiksi valikoitui\u00a0kuitenkin\u00a0lopulta\u00a0aitajuoksu.\u00a0Aitojen sivulajina juoksin 100\u00a0metri\u00e4 ja hypp\u00e4sin pituutta.<\/p>\n<p>P\u00e4\u00e4lajissani aidoissa juoksin\u00a0yhteens\u00e4\u00a04 nuorten\u00a0suomenmestaruutta. 14-vuotiaana juoksin SE:n 11,69,\u00a0joka kesti voimassa 15 vuotta. Lis\u00e4ksi\u00a0olen juossut SM-hopeita,\u00a0otteluista ja aidoista.<br \/>\nVuonna\u00a01987 juoksin Kalevan Kisoissa\u00a0aidoissa pronssille. Suomi-Ruotsi maaottelu j\u00e4i kuitenkin viimeiseksi kisakseni. Lapsuudesta asti sairastettu sairaus vei lopulta munuaiseni ja jouduin lopettamaan urheilun 20-vuotiaana,\u00a0l\u00e4\u00e4k\u00e4reiden\u00a0jo\u00a0ihmetelty\u00e4\u00a0pari vuotta,\u00a0miten yleens\u00e4 pystyin urheilemaan.\u00a0Terveys edell\u00e4 oli pakko luovuttaa ja siirty\u00e4 valmennuspuolelle.<\/p>\n<p>Osallistuin kuitenkin viel\u00e4 elinsiirtopotilaiden MM-kisoihin vuonna\u00a01991 Unkarissa ja vuonna\u00a01993 Kanadassa. Saavutuksena kuusi kultaa ja kaksi hopeaa.\u00a0Lajeina olivat tuolloin\u00a0100m, pituus, korkeus ja kuula.<\/p>\n<p><b>Valmennustaustaa<\/b><\/p>\n<p>Valmentajana olen\u00a0nyt toiminut 30 vuotta.\u00a0Vuonna\u00a01997 seurassamme oli vain muutama urheilija. P\u00e4\u00e4tin, ett\u00e4\u00a0asialle\u00a0on teht\u00e4v\u00e4 jotain, ja\u00a0perustin urheilukoulun,\u00a0johon tuli\u00a0heti ensimm\u00e4isen\u00e4 vuonna huimat\u00a0102 lasta.\u00a0Urheilukoulutoiminta on kasvanut hiljalleen, ja nyky\u00e4\u00e4n\u00a0meit\u00e4\u00a0on vuosittain noin 600. Tarvetta urheilukoululle on\u00a0siis\u00a0ollut.<\/p>\n<p>Valmennettavani ovat saavuttaneet\u00a0yhteens\u00e4\u00a0yli 70\u00a0suomenmestaruusmitalia. Kultaisia niist\u00e4 on\u00a0ollut\u00a029. Lis\u00e4ksi\u00a0valmennettavat urheilijani\u00a0ovat saavuttaneet SM-viesteiss\u00e4 8 mitalia, joista 5 kultaa.\u00a0Urheilijat ovat tehneet my\u00f6s muutamia nuorten\u00a0suomenenn\u00e4tyksi\u00e4.<br \/>\nMitalisteja\u00a0on ollut\u00a0seuraavissa lajeissa: 100m, 800m, pika-aidat, pitk\u00e4t aidat, pituus, kolmiloikka, korkeus ja kuula, joten lajipohjani valmennuksen puolella on laaja.<\/p>\n<p>Aikuisten sarjassa urheilijoistani\u00a0Kristiina Auno saavutti 17-vuotiaana (vuonna\u00a02006) pronssia Kalevan Kisojen 400\u00a0metrin aidoissa. Kristiina muutti\u00a0lopulta\u00a0opiskelun per\u00e4ss\u00e4 Joensuuhun ja valmennussuhde p\u00e4\u00e4ttyi siihen.<\/p>\n<p><b>Valmentajakoulutus<\/b><\/p>\n<p>SUL:n 3.taso<\/p>\n<p><strong>Palkitsemiset<\/strong><\/p>\n<p>SUL:n vuoden nuorisovalmentaja v.\u00a02006<br \/>\nPohjois-Pohjanmaan\u00a0yleisurheilun vuoden valmentaja\u00a0v. ?<br \/>\nPohjois-Pohjanmaan liikunnan vuoden nuorisovet\u00e4j\u00e4 v.\u00a02003<br \/>\nTUL:n vuoden valmentaja v.\u00a02011 TUL:n vuoden valmentaja 2020<\/p>\n<p><b>Muuta<\/b>:<\/p>\n<p>Yksi kohokohdista Olympiasoihdun kantaminen Kiinassa v. 2008.<\/p>\n<p><b>Rooli seurassa<\/b><\/p>\n<p>Valmennuksen lis\u00e4ksi vastaan\u00a0Auran yleisurheilun py\u00f6ritt\u00e4misest\u00e4.\u00a0Olen ty\u00f6kyvytt\u00f6myysel\u00e4kkeell\u00e4 kaupungin palkanlaskijan toimesta. Vastaan Aurassa\u00a0siis\u00a0my\u00f6s kaikista toimistohommista ja kirjanpidosta.<\/p>\n<p>Olet varmaan tottunut n\u00e4kem\u00e4\u00e4n minut kent\u00e4ll\u00e4 ja hallissa py\u00f6r\u00e4tuolissa. Toivotaan, ett\u00e4 piakkoin p\u00e4\u00e4sen taas k\u00e4velem\u00e4\u00e4n. Dialyysihoito rajoittaa osallistumistani\u00a0pidemmille\u00a0kisareissuille, mutta muiden valmentajien avustamana olemme saaneet asiat hoidettua, ja nykyisen teknologian (livestriimit\u00a0ja -tulospalvelut) olen aina voinnin salliessa seuraamassa kisoja et\u00e4yhteyksien kautta, jos en p\u00e4\u00e4se itse paikalle.<\/p>\n<p>Nykyisin valmennan\u00a0seurassa\u00a0p\u00e4\u00e4asiassa 18-19-vuotiaita tytt\u00f6j\u00e4.\u00a0Lis\u00e4ksi\u00a0tiimiini kuuluu\u00a0Suomen nopein 15-vuotias\u00a0tytt\u00f6.\u00a0Syksyst\u00e4 l\u00e4htien\u00a0ryhm\u00e4 varmaankin laajentuu, ja saamme\u00a0osittain\u00a0mukaan\u00a0my\u00f6s muutaman\u00a015-vuotiaan\u00a0pojan. Lajeina p\u00e4\u00e4asiassa pikajuoksu, aitajuoksu, kolmiloikka ja pituus. Uusiakin otetaan ryhm\u00e4\u00e4n mahdollisuuksien mukaan, ota siis rohkeasti yhteytt\u00e4, jos olet kiinnostunut.\u00a0Mielest\u00e4ni valmentajan\u00a0t\u00e4rkein\u00a0teht\u00e4v\u00e4 on olla paikalla nuorten harjoittelussa. Ved\u00e4n kaikista vaikeuksista huolimatta harjoituksia t\u00e4ll\u00e4 hetkell\u00e4 kuutena p\u00e4iv\u00e4n\u00e4 viikossa.[\/vc_column_text][\/vc_column][vc_column width=&#8221;1\/3&#8243;][vc_single_image image=&#8221;2194&#8243; img_size=&#8221;large&#8221;][vc_single_image image=&#8221;2196&#8243; img_size=&#8221;large&#8221;][vc_single_image image=&#8221;2197&#8243; img_size=&#8221;large&#8221;][\/vc_column][\/vc_row]<\/p>\n<\/div>","protected":false},"excerpt":{"rendered":"<p>[vc_row][vc_column width=&#8221;2\/3&#8243;][vc_column_text]Anne menehtyi joulukuussa 2024. Muistamme l\u00e4mm\u00f6ll\u00e4 pitk\u00e4aikaista valmentajamme ja toimintamme vet\u00e4j\u00e4\u00e4. Oma urheilutausta Olen syntynyt vuonna 1967. Aloitin yleisurheilun 9-vuotiaana. Nuorempana harrastin muutakin,\u00a0lajia kuin lajia.\u00a0Yleisurheilin aluksi ottelupohjalla, ja ottelin\u00a0viel\u00e4 16-vuotiaana\u00a0Pohjoismaiden otteluissa. P\u00e4\u00e4lajiksi valikoitui\u00a0kuitenkin\u00a0lopulta\u00a0aitajuoksu.\u00a0Aitojen sivulajina juoksin 100\u00a0metri\u00e4 ja hypp\u00e4sin pituutta. P\u00e4\u00e4lajissani aidoissa juoksin\u00a0yhteens\u00e4\u00a04 nuorten\u00a0suomenmestaruutta. 14-vuotiaana juoksin SE:n 11,69,\u00a0joka kesti voimassa 15 vuotta. Lis\u00e4ksi\u00a0olen juossut SM-hopeita,\u00a0otteluista&#8230;<\/p>\n","protected":false},"author":3,"featured_media":0,"parent":0,"menu_order":0,"comment_status":"closed","ping_status":"closed","template":"","meta":{"footnotes":""},"class_list":["post-2995","page","type-page","status-publish","hentry"],"_links":{"self":[{"href":"https:\/\/kuivasjarvenaura.fi\/index.php\/wp-json\/wp\/v2\/pages\/2995","targetHints":{"allow":["GET"]}}],"collection":[{"href":"https:\/\/kuivasjarvenaura.fi\/index.php\/wp-json\/wp\/v2\/pages"}],"about":[{"href":"https:\/\/kuivasjarvenaura.fi\/index.php\/wp-json\/wp\/v2\/types\/page"}],"author":[{"embeddable":true,"href":"https:\/\/kuivasjarvenaura.fi\/index.php\/wp-json\/wp\/v2\/users\/3"}],"replies":[{"embeddable":true,"href":"https:\/\/kuivasjarvenaura.fi\/index.php\/wp-json\/wp\/v2\/comments?post=2995"}],"version-history":[{"count":9,"href":"https:\/\/kuivasjarvenaura.fi\/index.php\/wp-json\/wp\/v2\/pages\/2995\/revisions"}],"predecessor-version":[{"id":6497,"href":"https:\/\/kuivasjarvenaura.fi\/index.php\/wp-json\/wp\/v2\/pages\/2995\/revisions\/6497"}],"wp:attachment":[{"href":"https:\/\/kuivasjarvenaura.fi\/index.php\/wp-json\/wp\/v2\/media?parent=2995"}],"curies":[{"name":"wp","href":"https:\/\/api.w.org\/{rel}","templated":true}]}}