{"id":2810,"date":"2021-03-27T15:43:56","date_gmt":"2021-03-27T13:43:56","guid":{"rendered":"http:\/\/kuivasjarvenaura.fi\/?page_id=2810"},"modified":"2024-11-11T13:41:34","modified_gmt":"2024-11-11T11:41:34","slug":"pihlan-ainon-venlan-ja-iidan-kilparyhma","status":"publish","type":"page","link":"https:\/\/kuivasjarvenaura.fi\/index.php\/pihlan-ainon-venlan-ja-iidan-kilparyhma\/","title":{"rendered":"Junioreiden kilparyhm\u00e4"},"content":{"rendered":"<div class=\"wpb-content-wrapper\"><p>[vc_row][vc_column width=&#8221;1\/2&#8243;][vc_column_text]2009-2011 syntyneiden junioreiden kilparyhm\u00e4\u00e4 valmentavat Anna Okkonen, Henriikka K\u00f6n\u00f6nen sek\u00e4 Janne Kovaniemi. Ryhm\u00e4 treenaa viisi kertaa viikossa, maanantaisin, tiistaisin, keskiviikkoisin, torstaisin ja perjantaisin. Harjoitella voi viisi kertaa viikossa, tai toisen lajin ohessa 1-4 kertaa viikkoon. Jokaiselle katsotaan harjoitteet sopiviksi omaan tasoon. Ryhm\u00e4treenien lis\u00e4ksi tarjolla heittoryhm\u00e4\/seiv\u00e4sryhm\u00e4\/kest\u00e4vyysryhm\u00e4.<\/p>\n<p>Ryhm\u00e4ss\u00e4 treenataan eri yleisurheilulajeja tavoitteellisesti opetellen urheilijan arkea.[\/vc_column_text][\/vc_column][vc_column width=&#8221;1\/2&#8243;][vc_single_image image=&#8221;6399&#8243; img_size=&#8221;large&#8221;][\/vc_column][\/vc_row]<\/p>\n<\/div>","protected":false},"excerpt":{"rendered":"<p>[vc_row][vc_column width=&#8221;1\/2&#8243;][vc_column_text]2009-2011 syntyneiden junioreiden kilparyhm\u00e4\u00e4 valmentavat Anna Okkonen, Henriikka K\u00f6n\u00f6nen sek\u00e4 Janne Kovaniemi. Ryhm\u00e4 treenaa viisi kertaa viikossa, maanantaisin, tiistaisin, keskiviikkoisin, torstaisin ja perjantaisin. Harjoitella voi viisi kertaa viikossa, tai toisen lajin ohessa 1-4 kertaa viikkoon. Jokaiselle katsotaan harjoitteet sopiviksi omaan tasoon. Ryhm\u00e4treenien lis\u00e4ksi tarjolla heittoryhm\u00e4\/seiv\u00e4sryhm\u00e4\/kest\u00e4vyysryhm\u00e4. Ryhm\u00e4ss\u00e4 treenataan eri yleisurheilulajeja tavoitteellisesti opetellen urheilijan arkea.[\/vc_column_text][\/vc_column][vc_column width=&#8221;1\/2&#8243;][vc_single_image&#8230;<\/p>\n","protected":false},"author":3,"featured_media":0,"parent":0,"menu_order":0,"comment_status":"closed","ping_status":"closed","template":"","meta":{"footnotes":""},"class_list":["post-2810","page","type-page","status-publish","hentry"],"_links":{"self":[{"href":"https:\/\/kuivasjarvenaura.fi\/index.php\/wp-json\/wp\/v2\/pages\/2810","targetHints":{"allow":["GET"]}}],"collection":[{"href":"https:\/\/kuivasjarvenaura.fi\/index.php\/wp-json\/wp\/v2\/pages"}],"about":[{"href":"https:\/\/kuivasjarvenaura.fi\/index.php\/wp-json\/wp\/v2\/types\/page"}],"author":[{"embeddable":true,"href":"https:\/\/kuivasjarvenaura.fi\/index.php\/wp-json\/wp\/v2\/users\/3"}],"replies":[{"embeddable":true,"href":"https:\/\/kuivasjarvenaura.fi\/index.php\/wp-json\/wp\/v2\/comments?post=2810"}],"version-history":[{"count":15,"href":"https:\/\/kuivasjarvenaura.fi\/index.php\/wp-json\/wp\/v2\/pages\/2810\/revisions"}],"predecessor-version":[{"id":6400,"href":"https:\/\/kuivasjarvenaura.fi\/index.php\/wp-json\/wp\/v2\/pages\/2810\/revisions\/6400"}],"wp:attachment":[{"href":"https:\/\/kuivasjarvenaura.fi\/index.php\/wp-json\/wp\/v2\/media?parent=2810"}],"curies":[{"name":"wp","href":"https:\/\/api.w.org\/{rel}","templated":true}]}}