{"id":2122,"date":"2016-05-05T10:36:13","date_gmt":"2016-05-05T07:36:13","guid":{"rendered":"http:\/\/kuivasjarvenaura.fi\/index.php\/seurainfo\/jaseneksi-2\/"},"modified":"2024-02-21T15:23:18","modified_gmt":"2024-02-21T13:23:18","slug":"materiaalipankki","status":"publish","type":"page","link":"https:\/\/kuivasjarvenaura.fi\/index.php\/seurainfo\/materiaalipankki\/","title":{"rendered":"Materiaalipankki"},"content":{"rendered":"<div class=\"wpb-content-wrapper\"><p>[vc_row full_width=&#8221;stretch_row&#8221; css=&#8221;.vc_custom_1584939033954{margin-top: 0px !important;margin-bottom: 0px !important;background-color: #ffffff !important;}&#8221;][vc_column width=&#8221;1\/2&#8243; css=&#8221;.vc_custom_1584522598519{padding-top: 0px !important;}&#8221;][vc_column_text css=&#8221;.vc_custom_1615148306555{margin-bottom: 23px !important;}&#8221;]<\/p>\n<h3>Toimitsijoille:<\/h3>\n<p><a href=\"http:\/\/www.yleisurheilu.fi\/sites\/default\/files\/yleisurheilutuomarin_aloitusopas_2012.pdf\">yleisurheilutuomarin aloitusopas 2012.pdf<\/a><\/p>\n<p><a href=\"http:\/\/www.yleisurheilu.fi\/sites\/default\/files\/lasten_yu-saannot_2019.pdf\">lasten yu-s\u00e4\u00e4nnot 2019.pdf<\/a>[\/vc_column_text][vc_column_text css=&#8221;.vc_custom_1698049134262{margin-bottom: 25px !important;}&#8221;]<\/p>\n<h3>Ohjaajille:<\/h3>\n<p><a href=\"https:\/\/www.yleisurheilu.fi\/sites\/default\/files\/taitoa_ja_tunnetta_ohjaamiseen_opas_sul_2018_vedos_sivut.pdf\">Taitoa ja tunnetta ohjaamiseen opas.pdf<\/a><\/p>\n<p><a href=\"https:\/\/www.yleisurheilu.fi\/sites\/default\/files\/taitoa_ja_tunnetta_ohjaamiseen_opas_sul_2018_liitteet_sivut.pdf\">Taitoa ja tunnetta ohjaamiseen opas liitteet.pdf<\/a><\/p>\n<p><a href=\"https:\/\/www.etoleyksin.fi\/wp-content\/uploads\/2023\/02\/2023-ohje-valmentajalle-kiusaamisen-ennaltaehkaisyyn.pdf\">Ohje valmentajalle kiusaamiseen ennaltaehk\u00e4isyyn (etoleyksin.fi)<\/a><\/p>\n<p><a href=\"https:\/\/www.etoleyksin.fi\/wp-content\/uploads\/2023\/02\/2023-ohje-valmentajalle-kiusaamiseen-puuttumiseen.pdf\">Ohje valmentajille kiusaamiseen puuttumiseen (etoleyksin.fi)<\/a>[\/vc_column_text][vc_column_text css=&#8221;.vc_custom_1708521793731{margin-bottom: 44px !important;}&#8221;]<\/p>\n<h3>Urheilijoille:<\/h3>\n<p><a href=\"https:\/\/www.kilpailukalenteri.fi\/\">kilpailukalenteri.fi<\/a><\/p>\n<p><a href=\"https:\/\/suek.fi\/wp-content\/uploads\/2021\/02\/KAMU-pikaopas.pdf\"><span style=\"font-family: Arial, serif;\"><span style=\"font-size: medium;\"><span lang=\"en-GB\">KAMU-pikaopas.pdf<\/span><\/span><\/span><\/a><span style=\"color: #222222;\"><span style=\"font-family: Arial, serif;\"><span style=\"font-size: medium;\"><span lang=\"en-GB\"> (doping)<\/span><\/span><\/span><\/span><\/p>\n<p><a href=\"https:\/\/www.irunclean.org\/fi\">I Run Clean\u2122 :: Kotisivut<\/a><\/p>\n<p><a href=\"https:\/\/mieli.fi\/\">MIELI Suomen mielenterveys ry: kohti parempaa mielenterveytt\u00e4<\/a><\/p>\n<p><a href=\"https:\/\/www.ouka.fi\/oulu\/osua\">Etusivu &#8211; Ouluseutu Urheiluakatemia &#8211; Oulun kaupunki (ouka.fi)<\/a><\/p>\n<p><a href=\"https:\/\/alarikourheilua.fi\/\">\u00c4l\u00e4 riko urheilua -kampanja (alarikourheilua.fi)<\/a><\/p>\n<p><a href=\"https:\/\/www.fressis.fi\/\">Fressis<\/a><\/p>\n<p><a href=\"https:\/\/terveurheilija.fi\/wp-content\/uploads\/2020\/09\/Terve-urheilija-lammittely-2020.pdf\">Terve-urheilija-lammittely-2020.pdf<\/a><\/p>\n<p><a href=\"https:\/\/terveurheilija.fi\/wp-content\/uploads\/2020\/09\/Alkulammittelyohjelma2020.pdf\">Alkulammittelyohjelma2020.pdf<\/a><\/p>\n<p><a href=\"https:\/\/terveurheilija.fi\/wp-content\/uploads\/2020\/05\/Raudanpuutteen-ennaltaehk\u00e4isy-ruokavalion-avulla-opas.pdf\">Raudanpuutteen-ennaltaehk\u00e4isy-ruokavalion-avulla-opas.pdf<\/a><\/p>\n<blockquote class=\"wp-embedded-content\" data-secret=\"presQCIAT9\"><p><a href=\"https:\/\/terveurheilija.fi\/terve-urheilija-ohjelma\/kymppiympyra\/\">Kymppiympyr\u00e4\u00ae<\/a><\/p><\/blockquote>\n<p><iframe loading=\"lazy\" class=\"wp-embedded-content\" sandbox=\"allow-scripts\" security=\"restricted\" style=\"position: absolute; clip: rect(1px, 1px, 1px, 1px);\" title=\"&#8221;Kymppiympyr\u00e4\u00ae&#8221; &#8212; Terveurheilija\" src=\"https:\/\/terveurheilija.fi\/terve-urheilija-ohjelma\/kymppiympyra\/embed\/#?secret=bFsD0woGlr#?secret=presQCIAT9\" data-secret=\"presQCIAT9\" width=\"600\" height=\"338\" frameborder=\"0\" marginwidth=\"0\" marginheight=\"0\" scrolling=\"no\"><\/iframe><\/p>\n<blockquote class=\"wp-embedded-content\" data-secret=\"jsYv4O26AT\"><p><a href=\"https:\/\/terveurheilija.fi\/harjoittelu\/uni-ja-vuorokausirytmi\/\">Uni ja vuorokausirytmi<\/a><\/p><\/blockquote>\n<p><iframe loading=\"lazy\" class=\"wp-embedded-content\" sandbox=\"allow-scripts\" security=\"restricted\" style=\"position: absolute; clip: rect(1px, 1px, 1px, 1px);\" title=\"&#8221;Uni ja vuorokausirytmi&#8221; &#8212; Terveurheilija\" src=\"https:\/\/terveurheilija.fi\/harjoittelu\/uni-ja-vuorokausirytmi\/embed\/#?secret=UZsE8fzxaY#?secret=jsYv4O26AT\" data-secret=\"jsYv4O26AT\" width=\"600\" height=\"338\" frameborder=\"0\" marginwidth=\"0\" marginheight=\"0\" scrolling=\"no\"><\/iframe><\/p>\n<blockquote class=\"wp-embedded-content\" data-secret=\"cBKwA5Vf0G\"><p><a href=\"https:\/\/terveurheilija.fi\/urheiluvammojen-ennaltaehkaisy\/harjoitteita-urheiluvammojen-ehkaisyyn\/\">Harjoitteita urheiluvammojen ehk\u00e4isyyn<\/a><\/p><\/blockquote>\n<p><iframe loading=\"lazy\" class=\"wp-embedded-content\" sandbox=\"allow-scripts\" security=\"restricted\" style=\"position: absolute; clip: rect(1px, 1px, 1px, 1px);\" title=\"&#8221;Harjoitteita urheiluvammojen ehk\u00e4isyyn&#8221; &#8212; Terveurheilija\" src=\"https:\/\/terveurheilija.fi\/urheiluvammojen-ennaltaehkaisy\/harjoitteita-urheiluvammojen-ehkaisyyn\/embed\/#?secret=glbTCKQf3G#?secret=cBKwA5Vf0G\" data-secret=\"cBKwA5Vf0G\" width=\"600\" height=\"338\" frameborder=\"0\" marginwidth=\"0\" marginheight=\"0\" scrolling=\"no\"><\/iframe><\/p>\n<blockquote class=\"wp-embedded-content\" data-secret=\"s84JiMH9lK\"><p><a href=\"https:\/\/terveurheilija.fi\/harjoittelu\/lammittely\/\">L\u00e4mmittely ja j\u00e4\u00e4hdyttely<\/a><\/p><\/blockquote>\n<p><iframe loading=\"lazy\" class=\"wp-embedded-content\" sandbox=\"allow-scripts\" security=\"restricted\" style=\"position: absolute; clip: rect(1px, 1px, 1px, 1px);\" title=\"&#8221;L\u00e4mmittely ja j\u00e4\u00e4hdyttely&#8221; &#8212; Terveurheilija\" src=\"https:\/\/terveurheilija.fi\/harjoittelu\/lammittely\/embed\/#?secret=s84JiMH9lK\" data-secret=\"s84JiMH9lK\" width=\"600\" height=\"338\" frameborder=\"0\" marginwidth=\"0\" marginheight=\"0\" scrolling=\"no\"><\/iframe><\/p>\n<p>https:\/\/terveurheilija.fi\/harjoittelu\/venyttely-ja-liikkuvuusharjoittelu\/[\/vc_column_text][\/vc_column][vc_column width=&#8221;1\/2&#8243; css=&#8221;.vc_custom_1584522605112{padding-top: 0px !important;}&#8221;][vc_column_text]<\/p>\n<h3>Vanhemmille:<\/h3>\n<p><a href=\"https:\/\/www.olympiakomitea.fi\/uploads\/2019\/10\/2da4f25f-urheilulliset-elamantavat-vanhempainillan-slidet.pdf\">urheilulliset elamantavat vanhempainillan slidet.pdf<\/a><\/p>\n<p><a href=\"https:\/\/terveurheilija.fi\/wp-content\/uploads\/2019\/10\/hyv\u00e4t-valinnat-tehd\u00e4\u00e4n-jo-kaupassa.pdf\">hyv\u00e4t valinnat tehd\u00e4\u00e4n jo kaupassa.pdf<\/a><\/p>\n<p><a href=\"https:\/\/info.suomisport.fi\/\">SUOMISPORT &#8211; Kaikki urheilun palvelut yhdess\u00e4 paikassa<\/a><\/p>\n<p><a href=\"https:\/\/www.yleisurheilu.fi\/\">Yleisurheilu.fi<\/a><\/p>\n<p><a href=\"https:\/\/www.kilpailukalenteri.fi\/\">kilpailukalenteri.fi<\/a><\/p>\n<p><a href=\"https:\/\/tukikummit.fi\/hae-avustusta\/\">Hae avustusta &#8211; Tukikummit<\/a>[\/vc_column_text][vc_column_text css=&#8221;.vc_custom_1699438965921{margin-bottom: 20px !important;}&#8221;]<\/p>\n<h3>Ravinto:<\/h3>\n<p><a href=\"https:\/\/terveurheilija.fi\/urheilijan-ravitsemus\/\">Urheilijan ravitsemus &#8211; Terveurheilija<\/a><\/p>\n<p><a href=\"https:\/\/www.martat.fi\/wp-content\/uploads\/2018\/01\/paikoillanne_valipalaopas.pdf\">paikoillanne valipalaopas.pdf<\/a><\/p>\n<p><a href=\"https:\/\/www.terveurheilija.fi\/urheilijan-ravitsemus\/urheilijan-lautasmalli\/\">https:\/\/www.terveurheilija.fi\/urheilijan-ravitsemus\/urheilijan-lautasmalli\/<\/a><\/p>\n<p><a href=\"https:\/\/terveurheilija.fi\/urheilijan-ravitsemus\/kilpailuun-valmistautuminen\/\">https:\/\/terveurheilija.fi\/urheilijan-ravitsemus\/kilpailuun-valmistautuminen\/<\/a><\/p>\n<p><a href=\"https:\/\/www.yleisurheilu.fi\/yleisurheilukoulu\/nuoren-urheilijan-ravitsemusopas\/\">https:\/\/www.yleisurheilu.fi\/yleisurheilukoulu\/nuoren-urheilijan-ravitsemusopas\/<\/a><\/p>\n<p><a href=\"https:\/\/www.valio.fi\/hyvinvointi\/nuoren-urheilijan-ravitsemus\/\">https:\/\/www.valio.fi\/hyvinvointi\/nuoren-urheilijan-ravitsemus\/<\/a><\/p>\n<p><a href=\"https:\/\/www.puhti.fi\/tietopaketit\/urheilijan-ravitsemus-ja-ruokavalio\/#juominen-ennen-kilpailua\">https:\/\/www.puhti.fi\/tietopaketit\/urheilijan-ravitsemus-ja-ruokavalio\/#juominen-ennen-kilpailua<\/a><\/p>\n<p><a href=\"https:\/\/www.kasvaurheilijaksi.fi\/el\u00e4m\u00e4nrytmitesti\/esittely\/ravinto\">https:\/\/www.kasvaurheilijaksi.fi\/el\u00e4m\u00e4nrytmitesti\/esittely\/ravinto<\/a>[\/vc_column_text][\/vc_column][\/vc_row]<\/p>\n<\/div>","protected":false},"excerpt":{"rendered":"<p>[vc_row full_width=&#8221;stretch_row&#8221; css=&#8221;.vc_custom_1584939033954{margin-top: 0px !important;margin-bottom: 0px !important;background-color: #ffffff !important;}&#8221;][vc_column width=&#8221;1\/2&#8243; css=&#8221;.vc_custom_1584522598519{padding-top: 0px !important;}&#8221;][vc_column_text css=&#8221;.vc_custom_1615148306555{margin-bottom: 23px !important;}&#8221;] Toimitsijoille: yleisurheilutuomarin aloitusopas 2012.pdf lasten yu-s\u00e4\u00e4nnot 2019.pdf[\/vc_column_text][vc_column_text css=&#8221;.vc_custom_1698049134262{margin-bottom: 25px !important;}&#8221;] Ohjaajille: Taitoa ja tunnetta ohjaamiseen opas.pdf Taitoa ja tunnetta ohjaamiseen opas liitteet.pdf Ohje valmentajalle kiusaamiseen ennaltaehk\u00e4isyyn (etoleyksin.fi) Ohje valmentajille kiusaamiseen puuttumiseen (etoleyksin.fi)[\/vc_column_text][vc_column_text css=&#8221;.vc_custom_1708521793731{margin-bottom: 44px !important;}&#8221;] Urheilijoille: kilpailukalenteri.fi KAMU-pikaopas.pdf (doping)&#8230;<\/p>\n","protected":false},"author":1,"featured_media":0,"parent":2085,"menu_order":0,"comment_status":"closed","ping_status":"closed","template":"","meta":{"footnotes":""},"class_list":["post-2122","page","type-page","status-publish","hentry"],"_links":{"self":[{"href":"https:\/\/kuivasjarvenaura.fi\/index.php\/wp-json\/wp\/v2\/pages\/2122","targetHints":{"allow":["GET"]}}],"collection":[{"href":"https:\/\/kuivasjarvenaura.fi\/index.php\/wp-json\/wp\/v2\/pages"}],"about":[{"href":"https:\/\/kuivasjarvenaura.fi\/index.php\/wp-json\/wp\/v2\/types\/page"}],"author":[{"embeddable":true,"href":"https:\/\/kuivasjarvenaura.fi\/index.php\/wp-json\/wp\/v2\/users\/1"}],"replies":[{"embeddable":true,"href":"https:\/\/kuivasjarvenaura.fi\/index.php\/wp-json\/wp\/v2\/comments?post=2122"}],"version-history":[{"count":20,"href":"https:\/\/kuivasjarvenaura.fi\/index.php\/wp-json\/wp\/v2\/pages\/2122\/revisions"}],"predecessor-version":[{"id":5673,"href":"https:\/\/kuivasjarvenaura.fi\/index.php\/wp-json\/wp\/v2\/pages\/2122\/revisions\/5673"}],"up":[{"embeddable":true,"href":"https:\/\/kuivasjarvenaura.fi\/index.php\/wp-json\/wp\/v2\/pages\/2085"}],"wp:attachment":[{"href":"https:\/\/kuivasjarvenaura.fi\/index.php\/wp-json\/wp\/v2\/media?parent=2122"}],"curies":[{"name":"wp","href":"https:\/\/api.w.org\/{rel}","templated":true}]}}