{"id":2113,"date":"2016-05-05T10:36:13","date_gmt":"2016-05-05T07:36:13","guid":{"rendered":"http:\/\/kuivasjarvenaura.fi\/index.php\/auran-maja\/ajankohtaista-2\/"},"modified":"2021-03-01T20:05:25","modified_gmt":"2021-03-01T18:05:25","slug":"kisauutiset","status":"publish","type":"page","link":"https:\/\/kuivasjarvenaura.fi\/index.php\/yleisurheilu-2-2\/yleisurheilu-info\/kisauutiset\/","title":{"rendered":"Kisauutiset"},"content":{"rendered":"<div class=\"wpb-content-wrapper\"><p>[vc_row full_width=&#8221;stretch_row&#8221; css=&#8221;.vc_custom_1584939033954{margin-top: 0px !important;margin-bottom: 0px !important;background-color: #ffffff !important;}&#8221;][vc_column width=&#8221;1\/2&#8243; css=&#8221;.vc_custom_1584522598519{padding-top: 0px !important;}&#8221;][vc_column_text css=&#8221;.vc_custom_1614621921933{margin-bottom: 23px !important;}&#8221;]<\/p>\n<div class=\"kvgmc6g5 cxmmr5t8 oygrvhab hcukyx3x c1et5uql ii04i59q\">\n<div dir=\"auto\">AIKUISTEN SM-HALLIT JYV\u00c4SKYL\u00c4SS\u00c4<\/div>\n<div dir=\"auto\"><\/div>\n<div dir=\"auto\">Auran nuoret urheilijat viikonloppuna Jyv\u00e4skyl\u00e4n aikuisten SM-halleissa. Auralaisten keski-ik\u00e4 noin 17v.<\/div>\n<\/div>\n<div dir=\"auto\"><\/div>\n<div dir=\"auto\"><\/div>\n<div class=\"o9v6fnle cxmmr5t8 oygrvhab hcukyx3x c1et5uql ii04i59q\">\n<div dir=\"auto\">Aino Vuorjoki 60m @ainovuorjoki<\/div>\n<div dir=\"auto\">Ella Nisula kolmiloikka @ellanisula<\/div>\n<div dir=\"auto\">Essi Niskala 400m @essiiniskala<\/div>\n<div dir=\"auto\">Ronja Koskela 800m @ronjakoskelv<\/div>\n<div dir=\"auto\">Sonja St\u00e5ng 60m ja 60m aj. @sonjastang<\/div>\n<\/div>\n<div class=\"o9v6fnle cxmmr5t8 oygrvhab hcukyx3x c1et5uql ii04i59q\">\n<div dir=\"auto\">Tsemppi\u00e4 kisaan <span class=\"pq6dq46d tbxw36s4 knj5qynh kvgmc6g5 ditlmg2l oygrvhab nvdbi5me sf5mxxl7 gl3lb2sf hhz5lgdu\"><img loading=\"lazy\" decoding=\"async\" src=\"https:\/\/static.xx.fbcdn.net\/images\/emoji.php\/v9\/te7\/1\/16\/1f4aa_1f3fb.png\" alt=\"????????\" width=\"16\" height=\"16\" \/><\/span><\/div>\n<\/div>\n<p>[\/vc_column_text][vc_column_text css=&#8221;.vc_custom_1614620798500{margin-bottom: 25px !important;}&#8221;][\/vc_column_text][vc_column_text css=&#8221;.vc_custom_1614620804640{margin-bottom: 44px !important;}&#8221;][\/vc_column_text][vc_column_text css=&#8221;.vc_custom_1614620826079{margin-bottom: 20px !important;}&#8221;][\/vc_column_text][vc_column_text][\/vc_column_text][\/vc_column][vc_column width=&#8221;1\/2&#8243; css=&#8221;.vc_custom_1584522605112{padding-top: 0px !important;}&#8221;][vc_single_image image=&#8221;2319&#8243; img_size=&#8221;half&#8221; onclick=&#8221;link_image&#8221; css_animation=&#8221;right-to-left&#8221;][vc_column_text css=&#8221;.vc_custom_1614621069435{margin-bottom: 22px !important;}&#8221;][\/vc_column_text][vc_column_text css=&#8221;.vc_custom_1614621082824{margin-bottom: 25px !important;}&#8221;][\/vc_column_text][stm_icon_list][\/stm_icon_list][\/vc_column][\/vc_row]<\/p>\n<\/div>","protected":false},"excerpt":{"rendered":"<p>[vc_row full_width=&#8221;stretch_row&#8221; css=&#8221;.vc_custom_1584939033954{margin-top: 0px !important;margin-bottom: 0px !important;background-color: #ffffff !important;}&#8221;][vc_column width=&#8221;1\/2&#8243; css=&#8221;.vc_custom_1584522598519{padding-top: 0px !important;}&#8221;][vc_column_text css=&#8221;.vc_custom_1614621921933{margin-bottom: 23px !important;}&#8221;] AIKUISTEN SM-HALLIT JYV\u00c4SKYL\u00c4SS\u00c4 Auran nuoret urheilijat viikonloppuna Jyv\u00e4skyl\u00e4n aikuisten SM-halleissa. Auralaisten keski-ik\u00e4 noin 17v. Aino Vuorjoki 60m @ainovuorjoki Ella Nisula kolmiloikka @ellanisula Essi Niskala 400m @essiiniskala Ronja Koskela 800m @ronjakoskelv Sonja St\u00e5ng 60m ja 60m aj. @sonjastang Tsemppi\u00e4 kisaan&#8230;<\/p>\n","protected":false},"author":1,"featured_media":0,"parent":612,"menu_order":0,"comment_status":"closed","ping_status":"closed","template":"","meta":{"footnotes":""},"class_list":["post-2113","page","type-page","status-publish","hentry"],"_links":{"self":[{"href":"https:\/\/kuivasjarvenaura.fi\/index.php\/wp-json\/wp\/v2\/pages\/2113","targetHints":{"allow":["GET"]}}],"collection":[{"href":"https:\/\/kuivasjarvenaura.fi\/index.php\/wp-json\/wp\/v2\/pages"}],"about":[{"href":"https:\/\/kuivasjarvenaura.fi\/index.php\/wp-json\/wp\/v2\/types\/page"}],"author":[{"embeddable":true,"href":"https:\/\/kuivasjarvenaura.fi\/index.php\/wp-json\/wp\/v2\/users\/1"}],"replies":[{"embeddable":true,"href":"https:\/\/kuivasjarvenaura.fi\/index.php\/wp-json\/wp\/v2\/comments?post=2113"}],"version-history":[{"count":7,"href":"https:\/\/kuivasjarvenaura.fi\/index.php\/wp-json\/wp\/v2\/pages\/2113\/revisions"}],"predecessor-version":[{"id":2335,"href":"https:\/\/kuivasjarvenaura.fi\/index.php\/wp-json\/wp\/v2\/pages\/2113\/revisions\/2335"}],"up":[{"embeddable":true,"href":"https:\/\/kuivasjarvenaura.fi\/index.php\/wp-json\/wp\/v2\/pages\/612"}],"wp:attachment":[{"href":"https:\/\/kuivasjarvenaura.fi\/index.php\/wp-json\/wp\/v2\/media?parent=2113"}],"curies":[{"name":"wp","href":"https:\/\/api.w.org\/{rel}","templated":true}]}}

<div class="wpb-content-wrapper"><p>[vc_row full_width=&#8221;stretch_row&#8221; css=&#8221;.vc_custom_1584939033954{margin-top: 0px !important;margin-bottom: 0px !important;background-color: #ffffff !important;}&#8221;][vc_column width=&#8221;1/2&#8243; css=&#8221;.vc_custom_1584522598519{padding-top: 0px !important;}&#8221;][vc_column_text css=&#8221;.vc_custom_1614621921933{margin-bottom: 23px !important;}&#8221;]</p>
<div class="kvgmc6g5 cxmmr5t8 oygrvhab hcukyx3x c1et5uql ii04i59q">
<div dir="auto">AIKUISTEN SM-HALLIT JYVÄSKYLÄSSÄ</div>
<div dir="auto"></div>
<div dir="auto">Auran nuoret urheilijat viikonloppuna Jyväskylän aikuisten SM-halleissa. Auralaisten keski-ikä noin 17v.</div>
</div>
<div dir="auto"></div>
<div dir="auto"></div>
<div class="o9v6fnle cxmmr5t8 oygrvhab hcukyx3x c1et5uql ii04i59q">
<div dir="auto">Aino Vuorjoki 60m @ainovuorjoki</div>
<div dir="auto">Ella Nisula kolmiloikka @ellanisula</div>
<div dir="auto">Essi Niskala 400m @essiiniskala</div>
<div dir="auto">Ronja Koskela 800m @ronjakoskelv</div>
<div dir="auto">Sonja Stång 60m ja 60m aj. @sonjastang</div>
</div>
<div class="o9v6fnle cxmmr5t8 oygrvhab hcukyx3x c1et5uql ii04i59q">
<div dir="auto">Tsemppiä kisaan <span class="pq6dq46d tbxw36s4 knj5qynh kvgmc6g5 ditlmg2l oygrvhab nvdbi5me sf5mxxl7 gl3lb2sf hhz5lgdu"><img loading="lazy" decoding="async" src="https://static.xx.fbcdn.net/images/emoji.php/v9/te7/1/16/1f4aa_1f3fb.png" alt="????????" width="16" height="16" /></span></div>
</div>
<p>[/vc_column_text][vc_column_text css=&#8221;.vc_custom_1614620798500{margin-bottom: 25px !important;}&#8221;][/vc_column_text][vc_column_text css=&#8221;.vc_custom_1614620804640{margin-bottom: 44px !important;}&#8221;][/vc_column_text][vc_column_text css=&#8221;.vc_custom_1614620826079{margin-bottom: 20px !important;}&#8221;][/vc_column_text][vc_column_text][/vc_column_text][/vc_column][vc_column width=&#8221;1/2&#8243; css=&#8221;.vc_custom_1584522605112{padding-top: 0px !important;}&#8221;][vc_single_image image=&#8221;2319&#8243; img_size=&#8221;half&#8221; onclick=&#8221;link_image&#8221; css_animation=&#8221;right-to-left&#8221;][vc_column_text css=&#8221;.vc_custom_1614621069435{margin-bottom: 22px !important;}&#8221;][/vc_column_text][vc_column_text css=&#8221;.vc_custom_1614621082824{margin-bottom: 25px !important;}&#8221;][/vc_column_text][stm_icon_list][/stm_icon_list][/vc_column][/vc_row]</p>
</div>

<p>[vc_row full_width=&#8221;stretch_row&#8221; css=&#8221;.vc_custom_1584939033954{margin-top: 0px !important;margin-bottom: 0px !important;background-color: #ffffff !important;}&#8221;][vc_column width=&#8221;1/2&#8243; css=&#8221;.vc_custom_1584522598519{padding-top: 0px !important;}&#8221;][vc_column_text css=&#8221;.vc_custom_1614621921933{margin-bottom: 23px !important;}&#8221;] AIKUISTEN SM-HALLIT JYVÄSKYLÄSSÄ Auran nuoret urheilijat viikonloppuna Jyväskylän aikuisten SM-halleissa. Auralaisten keski-ikä noin 17v. Aino Vuorjoki 60m @ainovuorjoki Ella Nisula kolmiloikka @ellanisula Essi Niskala 400m @essiiniskala Ronja Koskela 800m @ronjakoskelv Sonja Stång 60m ja 60m aj. @sonjastang Tsemppiä kisaan&#8230;</p>
