{"id":2097,"date":"2016-05-05T10:36:13","date_gmt":"2016-05-05T07:36:13","guid":{"rendered":"http:\/\/kuivasjarvenaura.fi\/index.php\/auran-maja-2\/"},"modified":"2026-03-17T13:07:23","modified_gmt":"2026-03-17T11:07:23","slug":"ajankohtaista","status":"publish","type":"page","link":"https:\/\/kuivasjarvenaura.fi\/index.php\/auran-maja\/ajankohtaista\/","title":{"rendered":"Ajankohtaista"},"content":{"rendered":"<div class=\"wpb-content-wrapper\"><p>[vc_row full_width=&#8221;stretch_row&#8221; css=&#8221;.vc_custom_1584939033954{margin-top: 0px !important;margin-bottom: 0px !important;background-color: #ffffff !important;}&#8221;][vc_column width=&#8221;1\/2&#8243; css=&#8221;.vc_custom_1584522598519{padding-top: 0px !important;}&#8221;][vc_column_text css=&#8221;.vc_custom_1773745639944{margin-bottom: 23px !important;}&#8221;]<\/p>\n<h2>AUKIOLO<\/h2>\n<p>AURANMAJA ON SULJETTU KEV\u00c4\u00c4LT\u00c4 2026.L\u00c4MMIN KIITOS K\u00c4VIJ\u00d6ILLE!<\/p>\n<p>&nbsp;<\/p>\n<p>Auranmajan tuotto k\u00e4ytet\u00e4\u00e4n Kuivasj\u00e4rven Auran yleisurheilutoimintaan.<\/p>\n<p>.<img loading=\"lazy\" decoding=\"async\" class=\"alignnone size-medium wp-image-2150\" src=\"https:\/\/kuivasjarvenaura.fi\/wp-content\/uploads\/2021\/02\/munkki-300x225.jpg\" alt=\"\" width=\"300\" height=\"225\" srcset=\"https:\/\/kuivasjarvenaura.fi\/wp-content\/uploads\/2021\/02\/munkki-300x225.jpg 300w, https:\/\/kuivasjarvenaura.fi\/wp-content\/uploads\/2021\/02\/munkki-1024x768.jpg 1024w, https:\/\/kuivasjarvenaura.fi\/wp-content\/uploads\/2021\/02\/munkki-768x576.jpg 768w, https:\/\/kuivasjarvenaura.fi\/wp-content\/uploads\/2021\/02\/munkki-1536x1152.jpg 1536w, https:\/\/kuivasjarvenaura.fi\/wp-content\/uploads\/2021\/02\/munkki-2048x1536.jpg 2048w, https:\/\/kuivasjarvenaura.fi\/wp-content\/uploads\/2021\/02\/munkki-98x74.jpg 98w, https:\/\/kuivasjarvenaura.fi\/wp-content\/uploads\/2021\/02\/munkki-160x120.jpg 160w, https:\/\/kuivasjarvenaura.fi\/wp-content\/uploads\/2021\/02\/munkki-600x450.jpg 600w\" sizes=\"auto, (max-width: 300px) 100vw, 300px\" \/>[\/vc_column_text][\/vc_column][vc_column width=&#8221;1\/2&#8243; css=&#8221;.vc_custom_1584522605112{padding-top: 0px !important;}&#8221;][\/vc_column][\/vc_row]<\/p>\n<\/div>","protected":false},"excerpt":{"rendered":"<p>[vc_row full_width=&#8221;stretch_row&#8221; css=&#8221;.vc_custom_1584939033954{margin-top: 0px !important;margin-bottom: 0px !important;background-color: #ffffff !important;}&#8221;][vc_column width=&#8221;1\/2&#8243; css=&#8221;.vc_custom_1584522598519{padding-top: 0px !important;}&#8221;][vc_column_text css=&#8221;.vc_custom_1773745639944{margin-bottom: 23px !important;}&#8221;] AUKIOLO AURANMAJA ON SULJETTU KEV\u00c4\u00c4LT\u00c4 2026.L\u00c4MMIN KIITOS K\u00c4VIJ\u00d6ILLE! &nbsp; Auranmajan tuotto k\u00e4ytet\u00e4\u00e4n Kuivasj\u00e4rven Auran yleisurheilutoimintaan. .[\/vc_column_text][\/vc_column][vc_column width=&#8221;1\/2&#8243; css=&#8221;.vc_custom_1584522605112{padding-top: 0px !important;}&#8221;][\/vc_column][\/vc_row]<\/p>\n","protected":false},"author":1,"featured_media":0,"parent":2066,"menu_order":0,"comment_status":"closed","ping_status":"closed","template":"","meta":{"footnotes":""},"class_list":["post-2097","page","type-page","status-publish","hentry"],"_links":{"self":[{"href":"https:\/\/kuivasjarvenaura.fi\/index.php\/wp-json\/wp\/v2\/pages\/2097","targetHints":{"allow":["GET"]}}],"collection":[{"href":"https:\/\/kuivasjarvenaura.fi\/index.php\/wp-json\/wp\/v2\/pages"}],"about":[{"href":"https:\/\/kuivasjarvenaura.fi\/index.php\/wp-json\/wp\/v2\/types\/page"}],"author":[{"embeddable":true,"href":"https:\/\/kuivasjarvenaura.fi\/index.php\/wp-json\/wp\/v2\/users\/1"}],"replies":[{"embeddable":true,"href":"https:\/\/kuivasjarvenaura.fi\/index.php\/wp-json\/wp\/v2\/comments?post=2097"}],"version-history":[{"count":50,"href":"https:\/\/kuivasjarvenaura.fi\/index.php\/wp-json\/wp\/v2\/pages\/2097\/revisions"}],"predecessor-version":[{"id":7100,"href":"https:\/\/kuivasjarvenaura.fi\/index.php\/wp-json\/wp\/v2\/pages\/2097\/revisions\/7100"}],"up":[{"embeddable":true,"href":"https:\/\/kuivasjarvenaura.fi\/index.php\/wp-json\/wp\/v2\/pages\/2066"}],"wp:attachment":[{"href":"https:\/\/kuivasjarvenaura.fi\/index.php\/wp-json\/wp\/v2\/media?parent=2097"}],"curies":[{"name":"wp","href":"https:\/\/api.w.org\/{rel}","templated":true}]}}