{"id":2085,"date":"2016-05-05T10:36:13","date_gmt":"2016-05-05T07:36:13","guid":{"rendered":"http:\/\/kuivasjarvenaura.fi\/index.php\/heittoharjoitukset-2\/"},"modified":"2025-02-17T12:28:01","modified_gmt":"2025-02-17T10:28:01","slug":"seurainfo","status":"publish","type":"page","link":"https:\/\/kuivasjarvenaura.fi\/index.php\/seurainfo\/","title":{"rendered":"Seurainfo"},"content":{"rendered":"<div class=\"wpb-content-wrapper\"><p>[vc_row full_width=&#8221;stretch_row&#8221; css=&#8221;.vc_custom_1584939033954{margin-top: 0px !important;margin-bottom: 0px !important;background-color: #ffffff !important;}&#8221;][vc_column width=&#8221;1\/2&#8243; css=&#8221;.vc_custom_1584522598519{padding-top: 0px !important;}&#8221;][vc_column_text css=&#8221;.vc_custom_1739788078526{margin-bottom: 25px !important;}&#8221;]Aura on vuonna 1949 Kuivasj\u00e4rvell\u00e4 kyl\u00e4seuraksi perustettu urheiluseura. Nykyisin j\u00e4seni\u00e4 on noin 750. Olemme kasvaneet yhdeksi Suomen suurimmaksi yleisurheiluseuraksi noin 600 vuosittaisella lisenssill\u00e4mme. Saimme Olympiakomitean T\u00e4htiseura-laatumerkin vuonna 2024, ja olemme Ty\u00f6v\u00e4en Urheiluliiton (TUL) j\u00e4senseura.<\/p>\n<p>Seuramme ainoana lajina on t\u00e4ll\u00e4 hetkell\u00e4 yleisurheilu. Seuralla on pitk\u00e4 tausta my\u00f6s hiihdossa, mutta t\u00e4ll\u00e4 hetkell\u00e4 emme j\u00e4rjest\u00e4 hiihtokoulua vet\u00e4j\u00e4pulan vuoksi.<\/p>\n<p>Suomen yleisurheilupiireiss\u00e4 Aura tunnetaan l\u00e4mminhenkisyydest\u00e4\u00e4n. Aurassa kaikki ovat kuin yht\u00e4 perhett\u00e4 ja Aura-henki onkin jo muodostunut aivan omaksi k\u00e4sitteekseen. Yhteishenkemme on huomattu ymp\u00e4ri Suomea yleisurheilukentill\u00e4.<\/p>\n<p>Aurassa voit olla harrastelija tai huipulle t\u00e4ht\u00e4\u00e4v\u00e4 urheilija. Mahdollistamme jokaiselle urheilijalle polun lapsesta huippu-urheilijaksi.<\/p>\n<p>Auran oma toimipiste Auranmaja toimii talvisin Kuivasj\u00e4rvell\u00e4 hiihtomajana ja muulloin se on vuokrattavissa esimerkiksi juhlapaikaksi. Majan tuotoilla tuemme Auran urheilijoita. Tuotot mahdollistavat alhaiset harrastusmaksut ja matalan kynnyksen tulla mukaan toimintaamme.<\/p>\n<p><strong>SEURAN ARVOT:<\/strong><\/p>\n<p>YHDENARVOISUUS: Jokaisella on mahdollisuus harrastaa omana itsen\u00e4\u00e4n ja kokea urheilun ilo.<\/p>\n<p>VAPAAEHTOISUUS: Matalankynnyksen seuran ehto, kustannukset saadaan pidetty\u00e4 matalina.<\/p>\n<p>INTOHIMO YLEISURHEILUA KOHTAAN: Halu kehitt\u00e4\u00e4 itse\u00e4, seuraa ja urheilijoita eteenp\u00e4in. Yleisurheilun rakastaminen!<\/p>\n<p>AURAPERHE: Jokaista auralaista arvostetaan ja haluamme pit\u00e4\u00e4 heid\u00e4t seuramme toiminnassa kiinni. Haluamme pysy\u00e4 helposti l\u00e4hestytt\u00e4v\u00e4n\u00e4 urheiluseurana.<\/p>\n<p>Haluamme pysy\u00e4 urheiluseurana kehityksess\u00e4 mukana. Haluamme olla tarjoamassa yleisurheilua kaikenik\u00e4isille liikkujille, painottuen lapsiin ja nuoriin.<\/p>\n<p><img loading=\"lazy\" decoding=\"async\" class=\"alignnone wp-image-5478\" src=\"https:\/\/kuivasjarvenaura.fi\/wp-content\/uploads\/2023\/11\/nettisivuille-212x300.png\" alt=\"\" width=\"387\" height=\"548\" srcset=\"https:\/\/kuivasjarvenaura.fi\/wp-content\/uploads\/2023\/11\/nettisivuille-212x300.png 212w, https:\/\/kuivasjarvenaura.fi\/wp-content\/uploads\/2023\/11\/nettisivuille-724x1024.png 724w, https:\/\/kuivasjarvenaura.fi\/wp-content\/uploads\/2023\/11\/nettisivuille-768x1086.png 768w, https:\/\/kuivasjarvenaura.fi\/wp-content\/uploads\/2023\/11\/nettisivuille-1086x1536.png 1086w, https:\/\/kuivasjarvenaura.fi\/wp-content\/uploads\/2023\/11\/nettisivuille-69x98.png 69w, https:\/\/kuivasjarvenaura.fi\/wp-content\/uploads\/2023\/11\/nettisivuille.png 1414w\" sizes=\"auto, (max-width: 387px) 100vw, 387px\" \/>[\/vc_column_text][\/vc_column][vc_column width=&#8221;1\/2&#8243;][vc_single_image image=&#8221;6411&#8243; img_size=&#8221;large&#8221;][vc_single_image image=&#8221;5696&#8243; img_size=&#8221;large&#8221;][vc_single_image image=&#8221;5160&#8243; img_size=&#8221;large&#8221;][\/vc_column][vc_column][\/vc_column][\/vc_row]<\/p>\n<\/div>","protected":false},"excerpt":{"rendered":"<p>[vc_row full_width=&#8221;stretch_row&#8221; css=&#8221;.vc_custom_1584939033954{margin-top: 0px !important;margin-bottom: 0px !important;background-color: #ffffff !important;}&#8221;][vc_column width=&#8221;1\/2&#8243; css=&#8221;.vc_custom_1584522598519{padding-top: 0px !important;}&#8221;][vc_column_text css=&#8221;.vc_custom_1739788078526{margin-bottom: 25px !important;}&#8221;]Aura on vuonna 1949 Kuivasj\u00e4rvell\u00e4 kyl\u00e4seuraksi perustettu urheiluseura. Nykyisin j\u00e4seni\u00e4 on noin 750. Olemme kasvaneet yhdeksi Suomen suurimmaksi yleisurheiluseuraksi noin 600 vuosittaisella lisenssill\u00e4mme. Saimme Olympiakomitean T\u00e4htiseura-laatumerkin vuonna 2024, ja olemme Ty\u00f6v\u00e4en Urheiluliiton (TUL) j\u00e4senseura. Seuramme ainoana lajina on t\u00e4ll\u00e4 hetkell\u00e4&#8230;<\/p>\n","protected":false},"author":1,"featured_media":2565,"parent":0,"menu_order":0,"comment_status":"closed","ping_status":"closed","template":"","meta":{"footnotes":""},"class_list":["post-2085","page","type-page","status-publish","has-post-thumbnail","hentry"],"_links":{"self":[{"href":"https:\/\/kuivasjarvenaura.fi\/index.php\/wp-json\/wp\/v2\/pages\/2085","targetHints":{"allow":["GET"]}}],"collection":[{"href":"https:\/\/kuivasjarvenaura.fi\/index.php\/wp-json\/wp\/v2\/pages"}],"about":[{"href":"https:\/\/kuivasjarvenaura.fi\/index.php\/wp-json\/wp\/v2\/types\/page"}],"author":[{"embeddable":true,"href":"https:\/\/kuivasjarvenaura.fi\/index.php\/wp-json\/wp\/v2\/users\/1"}],"replies":[{"embeddable":true,"href":"https:\/\/kuivasjarvenaura.fi\/index.php\/wp-json\/wp\/v2\/comments?post=2085"}],"version-history":[{"count":44,"href":"https:\/\/kuivasjarvenaura.fi\/index.php\/wp-json\/wp\/v2\/pages\/2085\/revisions"}],"predecessor-version":[{"id":6594,"href":"https:\/\/kuivasjarvenaura.fi\/index.php\/wp-json\/wp\/v2\/pages\/2085\/revisions\/6594"}],"wp:featuredmedia":[{"embeddable":true,"href":"https:\/\/kuivasjarvenaura.fi\/index.php\/wp-json\/wp\/v2\/media\/2565"}],"wp:attachment":[{"href":"https:\/\/kuivasjarvenaura.fi\/index.php\/wp-json\/wp\/v2\/media?parent=2085"}],"curies":[{"name":"wp","href":"https:\/\/api.w.org\/{rel}","templated":true}]}}